1) + 2). Let q(p) = -7 + 0*p**2 + w*p - 3*p**2 + 2*p**2. Let x be (5/(-2))/(1/(-2))*1. What is q(x)?
3
Let k be (-1)/2*(-12)/3. Let p(c) = -c**2 + c**3 - 2*c + 7*c + 7*c**k - 2 + 1. Let j(t) = t - 2. Let l be j(-2). Calculate p(l).
11
Let o(g) = -2*g**3 + 7*g**2 - 6*g + 11. Let p be o(5). Let y = 90 + p. Let n(d) be the second derivative of -d**3/6 - d**2 - d. What is n(y)?
2
Let j(k) = 6*k - 47. Let g be j(7). Let r(l) = -4*l - 19. Give r(g).
1
Let h = -2218 - -2221. Let u(q) be the second derivative of 0 + q**2 - 2*q - 1/6*q**h. Calculate u(-4).
6
Let l be ((-40)/(-12))/((2 + -1)/(-3)). Let s(x) be the first derivative of x**4/4 + 3*x**3 - 5*x**2 - 2*x - 18. Calculate s(l).
-2
Suppose -10*o = -7*o - 30. Suppose -4*y - 2*b - 4 = 0, 2*y = -0*y - 3*b - o. Let u(l) = 7*l**3 + l**2 - 2*l + 1. What is u(y)?
7
Let o(n) = n**3 - 2*n**2 - 2*n + 1. Let p(w) = -w**3 + 17*w**2 - 30*w + 9. Let j be p(15). Suppose j = -4*k + 17. Calculate o(k).
-3
Let n(b) = -58*b**2 + 12*b + 7. Let w(h) = -57*h**2 + 10*h + 6. Let j(q) = 5*n(q) - 6*w(q). Calculate j(-1).
51
Let s(b) = -b**2 - 13*b - 20. Suppose -9*g - 182 = 17*g. Determine s(g).
22
Let r(z) be the second derivative of -z**4/12 - 7*z**3/6 - 5*z**2/2 - z. Suppose -25*p = -9*p + 1568. Let l = 93 + p. What is r(l)?
5
Let c(v) = v**2 - v - 1. Let m(f) = -3*f**2 + 12*f. Let o(z) = -4*c(z) - m(z). Determine o(-8).
4
Let x(t) be the third derivative of 0 + 5*t**2 + 0*t**5 + 0*t + 0*t**3 + 11/720*t**6 + 7/24*t**4. Let d(c) be the second derivative of x(c). What is d(1)?
11
Let h(v) = -4*v. Let b = -71 + 163. Let n = b - 99. What is h(n)?
28
Suppose 65*z = 38*z + 81. Let k(b) = -2*b**3 - 2*b + 1. Determine k(z).
-59
Let h(k) = k**2 + 4*k - 3. Let n be h(-3). Let v be (-8)/n*3 + 2. Let w(j) = 0*j - j + v - 2*j + j. Calculate w(4).
-2
Let l = -7 - -2. Let j(t) = 3*t + 1 - 2*t - 2*t + 3*t - 3*t. What is j(l)?
6
Let k(w) = -w**2 - 4*w + 7. Let m be k(-6). Let a(d) = 55*d + 4 - 52*d - 6. Let g(s) = 6*s - 4. Let p(t) = m*a(t) + 3*g(t). What is p(-2)?
-8
Let o(w) = 783*w - 1566*w + 787*w. Calculate o(-1).
-4
Let n(s) = 3*s + 6. Let v = -9 - -15. Let b(f) = -3*f - 143 + 137 + f - f. Let i(o) = v*n(o) + 5*b(o). Give i(-4).
-6
Let o be (-8)/(-10)*75/(-10). Let h(p) = -13*p + 27. Let v(q) = -7*q + 14. Let b(s) = o*h(s) + 11*v(s). Calculate b(0).
-8
Let d(t) = 3*t**3 + t**2 + 2*t - 4. Let g be d(2). Let n = 32 - g. Let c(f) = -2*f + 3. Let r(o) = 3*o - 4. Let w(l) = n*r(l) + 5*c(l). Calculate w(-1).
-3
Suppose 18*x - 30 = 20*x - 5*h, -4*x = 5*h. Let q(w) = 4*w - 5. Calculate q(x).
-25
Let g be (-8)/3 - ((-8)/(-6) + -2). Let x be (-11)/(-1) - (-6)/g - 1. Let k(r) be the first derivative of -r**4/4 + 7*r**3/3 - r**2/2 + 6*r - 1. Determine k(x).
-1
Let r = 228 + -228. Let b(y) = y**3 - y**2 - 28. Calculate b(r).
-28
Let a(w) = -w**2 - 4. Let d = 17 + -14. Let q(h) = -7*h - 4 + 6*h**3 + 0*h**2 - 2*h**2 - 3*h**d - 2*h**3. Let v be q(4). Calculate a(v).
-4
Let g(o) = 11*o**3 + 11*o**2 - 5*o - 29. Let f(p) = -4*p**3 - 4*p**2 + 2*p + 10. Let u(w) = -8*f(w) - 3*g(w). Give u(0).
7
Let s be 17/34 + 2/(-4)*1. Let u(z) = z**3 - z**2 + z - 6. Determine u(s).
-6
Let v(c) = -8*c**2 - 23*c - 11. Let u(k) = 5*k**2 + 12*k + 6. Let d(q) = -7*u(q) - 4*v(q). What is d(4)?
-14
Let i = 701 + -693. Let l(z) = 4*z - 3. Calculate l(i).
29
Let f(g) = g**2 + 11*g - 7. Let l = 360 + -369. Give f(l).
-25
Let r(h) = h**3 + 8*h**2 - 9*h + 7. Suppose 0 = -5*n + f + 181, 4*n - f + 107 = 7*n. Let b = -45 + n. Give r(b).
7
Suppose -2*b = -5*m + 4, -2*b - 2*m - m + 12 = 0. Suppose 3*q = -b*w + 63, 5*w - 88 = -2*q - 2*q. Let v be q/(-15) - 8/(-60). Let h(p) = 17*p + 1. What is h(v)?
-16
Let i(n) = -n**2 - 6*n + 5. Let g(o) = 4*o**2 - 2*o - 1 + o**3 - 4*o**2 - 3*o**2. Let h(b) = -b**2 - 13*b - 19. Let f be h(-11). Let p be g(f). Calculate i(p).
-2
Let z(o) = -2*o**3 - o**2 + o - 6. Let s be z(0). Let a be s/2 - (-3 - 0). Let l(r) = r**2 + 16. Calculate l(a).
16
Let f(k) = 2*k**2 + 11*k - 23. Let v = 2333 - 2331. Give f(v).
7
Let o(f) = -2*f + 2. Let t be o(-2). Suppose t*h - 5*h - 5 = 0. Suppose 2*j - 2*i - i = 10, h*j = 2*i + 14. Let k(u) = -u**2 + 2*u - 1. Determine k(j).
-1
Let z(o) be the second derivative of -o**5/20 - o**4/12 + o**3/6 - 9*o**2/2 - o - 4. Determine z(0).
-9
Let q(x) = -6*x**2 - 6*x - 1. Let n be q(-1). Let u(b) = 5*b**2 - 2*b - 1. Calculate u(n).
6
Let l(g) = 2*g + 1. Suppose 2*j + 577 = 575. Determine l(j).
-1
Let w(f) = -2*f**2 - 5*f - 2. Suppose 5*g = 5*m - 65, m = 2*m + 5*g - 13. Let k = 14 - 30. Let s = k + m. Give w(s).
-5
Let k(s) = s**3 - s**2 + s - 4. Let h be (2/(-6))/(6/342). Let o be (-22)/(-4)*(-15 - h). Suppose o*j - 19*j = 0. Calculate k(j).
-4
Let y(t) = t**2 - 3*t + 2. Let z(d) = -4*d**2 - 56*d + 67. Let s be z(-15). Calculate y(s).
30
Let l = -18 + 25. Let o(z) = -22*z + 152. Let q be o(6). Suppose l*c = 2*c - q. Let y(u) = -u**3 - 4*u**2 + u - 3. What is y(c)?
-7
Let m(z) = 5*z - 1 - 5*z + 23*z - 17*z - 4*z. Calculate m(-1).
-3
Suppose 2*n - 107*q - 2 = -103*q, -4*n = -2*q - 28. Let i(w) = -6*w + 19. Give i(n).
-35
Suppose j + j + 3*u - 10 = 0, u = 0. Suppose 0 = 5*k - j, -k + 4*k = -c - 3. Let r(y) = 3*y**3 - 4 + 0*y**3 + 6*y**2 - 2*y**3. Calculate r(c).
-4
Let n(r) = -r**2 + 8*r - 8. Let x be n(7). Let s be 100/50 + x/(1 + -2). Let g(h) = 4*h + 1. Determine g(s).
13
Let r = -932 - -925. Let m(l) = -l**3 - 7*l**2 + 2*l + 8. Determine m(r).
-6
Let i = 3621 + -3613. Let r(s) = s. Let c(v) = -v**2 + 11*v - 3. Let m(f) = -c(f) + 3*r(f). What is m(i)?
3
Let n(r) = -4*r**2 - r + 1. Let d(o) = -o**3 - 20*o**2 + 18*o + 24. Let s(a) = d(a) - n(a). What is s(-17)?
-11
Let b be ((-1)/(2 - 1))/1. Let a(h) = 19*h + 14. Let v(u) = -10*u - 6. Let y(z) = 3*a(z) + 7*v(z). What is y(b)?
13
Let n(s) = s**2 - s + 4. Let d be n(-5). Let h = d + -34. Let l(c) = c**2 - c - 15. Determine l(h).
-15
Let u(z) = -z + 2. Suppose 4 = 2*c - 4. Suppose 6*t - 4*t = 3*n + 26, -3*n = -c*t + 40. Let a(v) = -v**2 + 5*v + 8. Let h be a(t). What is u(h)?
8
Let z(l) = 4*l**3 - l**2 - 9*l + 3. Let r(h) = -11*h**3 + 3*h**2 + 26*h - 7. Let k(d) = -3*r(d) - 8*z(d). What is k(3)?
-3
Let z = -558 - -564. Let l(s) be the third derivative of 4/3*s**3 - 1/120*s**z - 1/24*s**4 + 0*s - 14*s**2 + 0*s**5 + 0. What is l(0)?
8
Let p(l) = -3*l - 4. Suppose 5 = j, -n + 6*j - 2*j - 22 = 0. Give p(n).
2
Suppose -242 + 2 = -40*j. Let i(y) be the third derivative of 1/24*y**4 + 1/6*y**3 + 0 + 0*y**5 + 5*y**2 + 0*y - 1/15*y**j. Calculate i(-1).
8
Let b(u) = -1. Let f(x) = -x**3 - 9*x**2 - 10*x - 5. Let q(v) = 3*b(v) - f(v). Let r = 66 + -74. Give q(r).
-14
Suppose -4*o = -3*k - 12, 4*k + 9 + 7 = 0. Let h(z) be the second derivative of -z**5/20 + z**4/12 + 73*z. What is h(o)?
0
Let z(y) = y**3 - y**2 + 2*y. Let p be z(-2). Let f(l) = -l**2 - 15*l + 11. Let m be f(p). Let x(c) = -c**2 - 4*c + 2. Give x(m).
-3
Let k be (14/21)/((-2)/(-42)). Let y be (21/k)/(2/20). Suppose g - 2*p - 3*p = 23, 5*p = -y. Let l(r) = -r**3 + 8*r**2 + 2. Determine l(g).
2
Let s(r) = r**2 + 10*r. Let z(y) = -y**2 - 11*y + 1. Let t(c) = -4*s(c) - 3*z(c). Let x be t(-6). Let u(o) = -o**3 + 4 + 3*o - x + 3 - 4*o - 6*o**2. Give u(-6).
10
Let l(q) = 4*q + 2 + 0 + 0 + 3*q**2 - 4*q**2. Calculate l(-4).
-30
Let f(w) = -1 - 1 + 7*w - 2*w. Let r(v) = -11*v + 5 - 1 + 9 - 10. Let o(t) = 9*f(t) + 4*r(t). Calculate o(7).
1
Let t(c) = c. Let q(n) = -n**3 - 8*n**2 + 10*n - 11. Let w(b) = -q(b) + 2*t(b). Let u be w(-9). Let h(l) = u + 0*l - l + 2*l - 3*l. Determine h(3).
-4
Let l(a) = a**2 + 6*a - 7. Suppose -3*u + 5*w + 10 = 0, 2*u - 17*w + 25 = -20*w. Give l(u).
-12
Let p(x) = x**2 - 13*x + 36. Let a be p(4). Let q(s) = -s**2 - 2*s + 5. Calculate q(a).
5
Let j(c) = -c**2 - 25*c + 28*c - 7*c - 42 + 35*c + 10. What is j(30)?
-2
Let b(j) be the third derivative of 0*j + 2 - 3/8*j**4 + 1/60*j**5 - 6*j**2 - 4/3*j**3. Give b(9).
-8
Let m(b) = 6*b - 150. Let o(u) = -2*u + 46. Let j(p) = -5*m(p) - 16*o(p). Give j(-3).
8
Let n(r) = r**2 + 7*r + 1. Suppose -5*b + 3*g + 282 = 0, -2*b - 2*g + 100 = -0*b. Let h = b - 59. Calculate n(h).
-9
Let n(x) be the first derivative of x**4/4 + x**3 - 2*x**2 - 4*x - 41. Calculate n(-4).
-4
Let h = 433 + -431. Let u(l) be the first derivative of 1/3*l**3 + 4*l - 3 - h*l**2. Give u(3).
1
Let l(s) 